{"id":22,"date":"2026-04-03T22:17:16","date_gmt":"2026-04-03T20:17:16","guid":{"rendered":"https:\/\/vpk.parkano.org\/?page_id=22"},"modified":"2026-04-03T23:14:43","modified_gmt":"2026-04-03T21:14:43","slug":"parkanon-vpk","status":"publish","type":"page","link":"https:\/\/vpk.parkano.org\/","title":{"rendered":"Parkanon VPK"},"content":{"rendered":"\n<div class=\"wp-block-group is-layout-flow wp-container-core-group-is-layout-9b635ac4 wp-block-group-is-layout-flow\">\n<p class=\"has-medium-font-size\">Parkanon VPK:n miehist\u00f6, muonitus, ja nuoriso-osasto kokoontuvat viikottain omiin harjoituksiinsa. <\/p>\n\n\n\n<p>Yhdistyksemme vuokraa my\u00f6s tiloja sek\u00e4 virkistys- ett\u00e4 varastotarpeisiin.<\/p>\n<\/div>\n\n\n\n<div class=\"wp-block-group alignfull is-layout-flow wp-container-core-group-is-layout-7a48f34d wp-block-group-is-layout-flow\" style=\"padding-top:0;padding-right:var(--wp--preset--spacing--50);padding-bottom:0;padding-left:var(--wp--preset--spacing--50)\">\n<figure class=\"wp-block-image aligncenter size-large wp-duotone-duotone-2\"><img loading=\"lazy\" decoding=\"async\" width=\"1024\" height=\"768\" src=\"https:\/\/vpk.parkano.org\/wp-content\/uploads\/2026\/04\/484942593_1072108328288498_9137600139328782728_n-1024x768.jpg\" alt=\"\" class=\"wp-image-20\" style=\"aspect-ratio:16\/9;object-fit:cover\" srcset=\"https:\/\/vpk.parkano.org\/wp-content\/uploads\/2026\/04\/484942593_1072108328288498_9137600139328782728_n-1024x768.jpg 1024w, https:\/\/vpk.parkano.org\/wp-content\/uploads\/2026\/04\/484942593_1072108328288498_9137600139328782728_n-300x225.jpg 300w, https:\/\/vpk.parkano.org\/wp-content\/uploads\/2026\/04\/484942593_1072108328288498_9137600139328782728_n-768x576.jpg 768w, https:\/\/vpk.parkano.org\/wp-content\/uploads\/2026\/04\/484942593_1072108328288498_9137600139328782728_n-1536x1152.jpg 1536w, https:\/\/vpk.parkano.org\/wp-content\/uploads\/2026\/04\/484942593_1072108328288498_9137600139328782728_n.jpg 2048w\" sizes=\"auto, (max-width: 1024px) 100vw, 1024px\" \/><\/figure>\n<\/div>\n","protected":false},"excerpt":{"rendered":"<p>Parkanon VPK:n miehist\u00f6, muonitus, ja nuoriso-osasto kokoontuvat viikottain omiin harjoituksiinsa. Yhdistyksemme vuokraa my\u00f6s tiloja sek\u00e4 virkistys- ett\u00e4 varastotarpeisiin.<\/p>\n","protected":false},"author":1,"featured_media":0,"parent":0,"menu_order":0,"comment_status":"closed","ping_status":"closed","template":"","meta":{"footnotes":""},"class_list":["post-22","page","type-page","status-publish","hentry"],"_links":{"self":[{"href":"https:\/\/vpk.parkano.org\/index.php\/wp-json\/wp\/v2\/pages\/22","targetHints":{"allow":["GET"]}}],"collection":[{"href":"https:\/\/vpk.parkano.org\/index.php\/wp-json\/wp\/v2\/pages"}],"about":[{"href":"https:\/\/vpk.parkano.org\/index.php\/wp-json\/wp\/v2\/types\/page"}],"author":[{"embeddable":true,"href":"https:\/\/vpk.parkano.org\/index.php\/wp-json\/wp\/v2\/users\/1"}],"replies":[{"embeddable":true,"href":"https:\/\/vpk.parkano.org\/index.php\/wp-json\/wp\/v2\/comments?post=22"}],"version-history":[{"count":7,"href":"https:\/\/vpk.parkano.org\/index.php\/wp-json\/wp\/v2\/pages\/22\/revisions"}],"predecessor-version":[{"id":69,"href":"https:\/\/vpk.parkano.org\/index.php\/wp-json\/wp\/v2\/pages\/22\/revisions\/69"}],"wp:attachment":[{"href":"https:\/\/vpk.parkano.org\/index.php\/wp-json\/wp\/v2\/media?parent=22"}],"curies":[{"name":"wp","href":"https:\/\/api.w.org\/{rel}","templated":true}]}}